7, -m + 9 = -g. Suppose 138*z = 158*z - 1120. What is the highest common factor of z and m?
14
Suppose 3*d - 5*j + 1 = 0, 4*d + 5*j + 0 - 22 = 0. Let u be 1*(-3 - d - -58). Calculate the highest common factor of 468 and u.
52
Let q = -270 - -250. Let y be (56/q)/(-7)*190. What is the highest common divisor of 19 and y?
19
Let b = -14 + 14. Suppose -4*z + b*z = 176. Let n = 8 - z. What is the highest common factor of n and 13?
13
Suppose 0 = -v - y + 12, -5*y - 93 = 4*v - 8*v. Suppose 0 = -v*g + 21*g - 208. Let w = -214 + 292. What is the highest common factor of w and g?
26
Let d be 31/(((-33)/44)/(-3)). What is the greatest common factor of d and 465?
31
Let h(b) = -110*b - 935. Let p be h(-9). What is the greatest common divisor of p and 1243?
11
Let o = 3773 + -3281. What is the highest common factor of o and 9?
3
Let y = 682 + -682. Let v(w) = w**2 - w + 7. Let d be v(y). Calculate the greatest common factor of 14 and d.
7
Suppose -4*n + 4*l = 272, 2*l + 33 = n + 102. Suppose -5*v - 373 = -58. Let w = v - n. What is the greatest common divisor of 10 and w?
2
Suppose -35*t + 40*t = 145. Suppose t + 7 = 3*n + 4*f, -2*n = 4*f - 28. Calculate the greatest common factor of 4 and n.
4
Let c be -126*((-20)/8 - -2). Suppose -4*w + 68 = -4*h, 0 = -3*w - 2*h - h + c. What is the greatest common factor of 551 and w?
19
Suppose -3*f = 2*y + 3*y + 3, y + 9 = 0. Calculate the greatest common factor of 1246 and f.
14
Let u = -325 + 238. Let k = u + 115. Let l be (2/(-1))/1 + 44. What is the greatest common factor of l and k?
14
Let x(f) = 4*f + 39. Let w(c) = c. Let m(o) = -5*w(o) + x(o). Let g be m(20). Let v = -11 + g. Calculate the highest common divisor of v and 24.
8
Suppose -4*d + 4*f + 88 = 0, -223*f - 80 = -3*d - 218*f. What is the highest common divisor of 108 and d?
3
Let r(h) be the third derivative of -h**4/3 - 17*h**3/3 + 23*h**2. Let p be r(-5). Suppose -23 = -p*f + 7. Calculate the highest common factor of 45 and f.
5
Let d = -2671 + 2805. Calculate the greatest common factor of 469 and d.
67
Let i(l) = -142*l**2 + 5*l + 18. Let s be i(6). Let q = 7272 + s. Suppose 13*j = j + q. Calculate the highest common factor of j and 23.
23
Suppose 144*j = 130*j - 4*d - 8, -42 = -3*j + 4*d. Suppose o + 2*o = 63. Let s be (6/(-9))/((-2)/o). What is the highest common factor of j and s?
1
Let t = -12 + 13. Let n(k) be the first derivative of -5*k**2/2 + 43*k - 149. Let i be n(7). Calculate the greatest common factor of i and t.
1
Suppose 0 = -111*q + 106*q + 33180. Let v be (-1)/(-4) + (q/16 - 7). Calculate the highest common factor of 72 and v.
24
Suppose -2*z + 42 = 3*s - 4*z, -4*z = 3*s - 24. Suppose s*x - 357 - 291 = 0. Calculate the greatest common divisor of x and 12.
6
Let v(u) = 11*u**2 + 232*u + 4. Let w be v(11). What is the highest common divisor of 676 and w?
169
Suppose 10*n + 22 = 152. Calculate the highest common divisor of 3679 and n.
13
Let p be ((-153)/(-45) - 2)/((-3)/(-30)). Calculate the greatest common factor of p and 329.
7
Suppose 0 = -4*i + 61 - 33, p = -i + 394. Calculate the greatest common factor of 531 and p.
9
Let g = 1469 - 1376. What is the greatest common factor of 403 and g?
31
Let o(r) be the first derivative of r**3/3 - 2*r**2 + 8. Let i be o(-6). Let n(s) = 7*s - 268. Let x be n(40). What is the greatest common divisor of x and i?
12
Suppose -4*o = -3*h + 11, -258*h - 3*o = -261*h + 12. Suppose 18 = -d + 2*d. Suppose -7*x + h*x + d = 0. Calculate the greatest common divisor of x and 81.
9
Let v(r) = -550*r - 241. Let d(l) = 275*l + 120. Let u(s) = -13*d(s) - 6*v(s). Let m be u(-4). Calculate the greatest common factor of 58 and m.
58
Let o(m) = m**2 - 2*m - 3. Let x be o(-1). Let t(n) = -n**3 - n + 8. Let q be t(x). Suppose -7*v = -q*v + 110. What is the highest common factor of 10 and v?
10
Let x(q) = 2*q**3 - 12*q**2 + 77*q - 237. Let o be x(4). Calculate the highest common divisor of 6265 and o.
7
Let n(u) = 2*u**3 - 2*u**2 - 15*u + 61. Let g be n(4). Suppose -21*y + 29 = -g. Calculate the greatest common factor of 12 and y.
6
Let n be (0 - -3)/(-8 + 11) - (-21619)/1. Calculate the highest common factor of 30 and n.
10
Let p = -4 + -2. Let m be 4/p*(-66)/4. Let c = -279252 - -279351. Calculate the greatest common divisor of c and m.
11
Let p be (-3)/(((-18)/7944)/1). Suppose 3*s = -2*z - p, 2*z - 3*s + 1312 = -0*s. Let y = z + 924. What is the highest common factor of 106 and y?
53
Let o be (330/132)/(2 - 1569/786). Suppose -5*t = -o - 345. Calculate the highest common factor of 25 and t.
25
Suppose -3*x = -18, -4*c + 5*x + 34240 = 13734. Calculate the highest common divisor of 453 and c.
151
Let a = -161 - -167. Suppose -a*r = -65 + 17. Calculate the highest common divisor of 24 and r.
8
Let h = -6105 - -6700. Calculate the highest common factor of 315 and h.
35
Suppose f = -5*t + 5*f + 2569, 0 = 2*f + 2. Let q(z) = -2*z**3 - 124*z**2 - 123*z + 20. Let c be q(-61). Calculate the highest common divisor of c and t.
27
Let k be 14746/14 - (-12)/(-42). Suppose 27*y - 24*y = k. What is the highest common factor of 13 and y?
13
Let n(m) = m + 3. Let s(p) = -p**3 - 5*p**2 - 5*p. Let v be s(-3). Let o be n(v). Suppose -2*d - d + 72 = o. Calculate the highest common factor of 8 and d.
8
Suppose 4 = -h - 3*c + 16, -c = 2*h - 19. What is the greatest common factor of 1569 and h?
3
Let c(q) = -q**3 - 91*q**2 + 86*q - 539. Let f be c(-92). What is the greatest common divisor of 1651 and f?
13
Let n = -89 - -92. Suppose 4*s - 83 = -n*k + 214, -2*k - 2*s + 198 = 0. Suppose 4*w - 29 = k. What is the greatest common factor of 4 and w?
4
Let z be 130/39*((-162)/15)/3. Let s be (126/15)/(z/(-40)). What is the greatest common factor of 91 and s?
7
Let i = -243 - -247. Let u(w) = 4*w**2 - 7*w + 12. Let r be u(i). Calculate the greatest common divisor of 96 and r.
48
Suppose l + c - 6*c - 27 = 0, 4*c = -5*l + 77. Let d be 4/4 + (10 + -6 - 13). Let f be (d/(-6))/(2 + 700/(-357)). What is the highest common factor of l and f?
17
Suppose 39 = x + 3*a - 16, 3*a + 141 = 3*x. What is the highest common divisor of 21 and x?
7
Let x = -132 - -124. Let m be (-692)/(-8) - (0 + (-4)/x). Let y be (-3)/(6*2/(-860)). Calculate the highest common divisor of y and m.
43
Let f = -14445 + 14690. Calculate the highest common factor of 3479 and f.
49
Let b(n) = -15*n**2 + 132*n + 9. Let x be b(8). What is the highest common divisor of x and 7665?
105
Let g(h) = h**2 + 39*h + 78. Let y be g(-37). Suppose y*f - 8*f - 8 = 0, -3*m - f + 1906 = 0. Calculate the highest common factor of m and 53.
53
Suppose -4*x + 166 = -5*h, 332*x - 330*x = 2*h + 82. What is the greatest common divisor of 6513 and x?
39
Let z be (-90 + 67)/((-1)/49). What is the greatest common factor of z and 14?
7
Let d = -1581 + 1856. What is the highest common divisor of 6325 and d?
275
Let n = 68 + -15. Suppose 2*s + 5*k = 48, -s - 10 = -4*k - 8. Suppose -s = f - n. Calculate the greatest common factor of f and 26.
13
Let y be (4/(-3)*-46)/(76/114). Let z = -71 + y. Suppose 0*d - 3*d = -63. Calculate the highest common divisor of z and d.
21
Suppose n = s + 62, 0 = -292*n + 298*n + 3*s - 318. Suppose -x + 4*o = -32, 10 = -4*o + 2. Calculate the highest common factor of x and n.
8
Let s(w) = -13*w - 88. Let p be s(-7). Let g be 166/p*(-594)/(-36). What is the greatest common divisor of g and 83?
83
Suppose -r = 2*y - 13, 22*y = 24*y + 4*r - 4. What is the greatest common divisor of 3728 and y?
8
Let w(b) = -11*b - 250. Let k be w(-23). Let s(n) = 8*n**2 - 13*n - 7. Let t be s(k). Calculate the highest common factor of 39 and t.
13
Let z = 90 + -88. Let b be (-1 - -7)*((-2 - z) + 24). What is the highest common factor of 8 and b?
8
Suppose -2*j + 242 + 644 = -4*x, -2*j = 4*x - 902. Suppose 4*f = f + 5*k - 1345, j = -f + 2*k. Let z = -301 - f. What is the highest common divisor of 14 and z?
14
Let d be 2 + 135 - (172 + -176). What is the highest common factor of d and 3?
3
Let g = 7942 - 7278. What is the greatest common factor of g and 100?
4
Let m = -125 - -141. Suppose -6*c + m = -5*c. Calculate the highest common divisor of 80 and c.
16
Let v(l) = -124*l + 1756. Let t be v(7). Calculate the highest common factor of 216 and t.
24
Suppose -3*l + s + 1810 = 0, 80*l - 79*l + 5*s = 630